 factor of 30 and 12615.
15
What is the highest common factor of 774075 and 225?
75
What is the highest common factor of 85 and 1214888?
17
What is the greatest common divisor of 492 and 62156?
164
Calculate the greatest common factor of 46 and 62813.
23
What is the highest common divisor of 42731 and 247?
247
Calculate the greatest common divisor of 1989082 and 194.
194
Calculate the greatest common divisor of 150792 and 38728.
824
What is the highest common factor of 744 and 982328?
248
What is the greatest common divisor of 159545 and 629?
17
What is the greatest common divisor of 10955585 and 415?
415
What is the highest common divisor of 8 and 45347?
1
What is the greatest common divisor of 1704 and 107616?
24
Calculate the greatest common factor of 75640 and 25.
5
Calculate the greatest common factor of 696 and 23172.
12
What is the greatest common factor of 6647 and 2806?
23
Calculate the greatest common factor of 390 and 4838340.
390
Calculate the greatest common factor of 20 and 386000.
20
Calculate the greatest common factor of 1574 and 12.
2
What is the highest common factor of 424 and 1166?
106
Calculate the highest common factor of 2809 and 265.
53
Calculate the highest common factor of 15000 and 125400.
600
What is the greatest common divisor of 319 and 8903?
29
Calculate the highest common factor of 26 and 1070.
2
Calculate the highest common factor of 266706 and 396.
198
Calculate the highest common factor of 2493 and 45.
9
Calculate the greatest common factor of 50135 and 370.
185
What is the highest common factor of 10935 and 2265?
15
What is the greatest common factor of 168795 and 132?
33
What is the greatest common factor of 39 and 25441?
13
Calculate the highest common factor of 4252609 and 149.
149
What is the highest common factor of 54 and 124137?
9
Calculate the greatest common divisor of 615 and 95817.
123
What is the highest common factor of 137 and 9668501?
137
What is the highest common divisor of 59290 and 13310?
1210
Calculate the greatest common divisor of 12 and 111708.
12
Calculate the highest common divisor of 294 and 235902.
6
Calculate the highest common factor of 344 and 75895.
43
Calculate the highest common divisor of 52931 and 943.
41
What is the greatest common factor of 345898 and 126?
14
Calculate the highest common factor of 30371 and 7139.
121
Calculate the greatest common divisor of 7104150 and 25.
25
Calculate the highest common factor of 119088 and 88.
8
What is the greatest common divisor of 13978 and 319?
29
What is the greatest common divisor of 29505 and 21?
21
Calculate the highest common factor of 2910 and 1299606.
582
Calculate the highest common divisor of 302 and 434729.
151
What is the highest common divisor of 3933 and 13680?
171
Calculate the greatest common factor of 5728 and 224.
32
Calculate the highest common divisor of 108 and 75732.
12
Calculate the greatest common divisor of 39 and 76180.
13
Calculate the highest common factor of 846 and 583458.
282
What is the greatest common divisor of 350 and 110650?
50
What is the greatest common divisor of 2 and 37438?
2
Calculate the highest common factor of 100079 and 6426.
119
What is the greatest common divisor of 2044472 and 296?
296
What is the highest common factor of 1940458 and 338?
338
What is the greatest common divisor of 171 and 18734?
19
Calculate the greatest common factor of 738576 and 288.
144
What is the greatest common factor of 127250 and 500?
250
Calculate the highest common factor of 15478 and 1853.
109
What is the highest common divisor of 59050 and 300?
50
What is the highest common divisor of 29358 and 28476?
126
What is the greatest common divisor of 21 and 9402813?
21
What is the highest common factor of 14012 and 124?
124
Calculate the greatest common factor of 7436 and 1012.
44
Calculate the highest common divisor of 510784 and 69.
23
What is the greatest common factor of 35988 and 24?
12
Calculate the greatest common divisor of 834 and 16509.
3
Calculate the greatest common factor of 15620 and 3740.
220
What is the highest common factor of 60 and 1186940?
20
What is the greatest common divisor of 228 and 72?
12
Calculate the greatest common divisor of 105 and 1137.
3
What is the greatest common factor of 2 and 208356?
2
Calculate the highest common divisor of 1507 and 1529.
11
Calculate the greatest common divisor of 1944 and 27096.
24
What is the highest common factor of 1152 and 243936?
288
What is the greatest common factor of 903 and 525?
21
Calculate the highest common divisor of 1275 and 23817.
51
What is the highest common divisor of 5432 and 154133?
679
What is the highest common factor of 181572 and 144?
12
What is the highest common divisor of 73937 and 428?
107
What is the greatest common divisor of 126 and 176463?
63
What is the greatest common factor of 2186790 and 30?
30
Calculate the greatest common factor of 2056 and 768.
8
What is the highest common factor of 440 and 61380?
220
What is the greatest common factor of 178778 and 6674?
142
Calculate the greatest common divisor of 72 and 122892.
12
What is the highest common divisor of 4 and 1559144?
4
What is the highest common factor of 14482 and 186038?
1114
Calculate the greatest common factor of 363 and 1947.
33
Calculate the highest common factor of 1168 and 61466.
146
What is the highest common divisor of 2352 and 383712?
336
Calculate the greatest common divisor of 1120 and 90608.
112
What is the highest common divisor of 201 and 660017?
67
Calculate the greatest common factor of 3013 and 1288.
23
What is the greatest common divisor of 3219894 and 1230?
246
What is the greatest common divisor of 481440 and 80?
80
What is the greatest common factor of 7362 and 144?
18
Calculate the highest common factor of 13360459 and 1553.
1553
Calculate the greatest common divisor of 42 and 421582.
14
What is the highest common factor of 1316 and 249335?
47
Calculate the greatest common divisor of 8777 and 871.
67
What is the greatest common divisor of 20 and 18940?
20
Calculate the highest common divisor of 1 and 680934.
1
Calculate the highest common factor of 918 and 190134.
54
Calculate the highest common divisor of 6013 and 4760.
7
What is the highest common factor of 6430 and 1720?
10
Calculate the highest common factor of 721 and 389649.
103
Calculate the greatest common factor of 3448532 and 6128.
1532
What is the greatest common factor of 46408 and 7?
1
Calculate the highest common divisor of 510 and 59194.
34
Calculate the greatest common factor of 38 and 6346.
38
What is the highest common factor of 331 and 15610291?
331
Calculate the highest common factor of 45889 and 4210.
421
What is the highest common factor of 6747 and 15132?
39
What is the highest common divisor of 48051 and 133?
19
Calculate the greatest common factor of 104 and 476.
4
What is the highest common divisor of 39 and 237633?
3
What is the highest common divisor of 1167239 and 111?
37
Calculate the highest common factor of 238700 and 176.
44
Calculate the greatest common factor of 252 and 562590.
126
What is the greatest common divisor of 89064 and 288?
72
What is the greatest common divisor of 7338 and 498?
6
Calculate the greatest common divisor of 7470 and 10910.
10
What is the highest common divisor of 8755 and 927?
103
What is the greatest common factor of 298867 and 53?
53
Calculate the highest common factor of 60 and 339060.
60
Calculate the highest common factor of 406 and 78512.
14
Calculate the highest common factor of 1469 and 14125.
113
Calculate the greatest common divisor of 1094 and 530043.
547
What is the highest common divisor of 3852 and 4410?
18
Calculate the greatest common divisor of 62790 and 115.
115
What is the highest common divisor of 12089 and 17113?
157
Calculate the highest common divisor of 1039992 and 136.
136
Calculate the highest common divisor of 2592 and 20970.
18
What is the greatest common divisor of 2187 and 33129?
81
Calculate the highest common divisor of 144 and 1538000.
16
What is the highest common factor of 3190537 and 3724?
931
Calculate the highest common factor of 64224 and 23861.
223
What is the greatest common factor of 8138 and 338?
26
Calculate the highest common factor of 1101590 and 40.
10
What is the highest common 